 = 10*v**3 + 5*v**2 - 251*v + 266. Calculate w(5).
386
Let r(f) = 51*f**2 - 5603*f - 768. What is r(110)?
2
Let r(a) = 50*a**2 + 5849*a + 78. Calculate r(-117).
195
Let j(a) = -12731*a + 102281. Calculate j(8).
433
Let t(i) = -i**3 + 22*i**2 - 8*i + 162. What is t(11)?
1405
Let b(k) = -209*k + 1579. Give b(5).
534
Let c(x) = x**2 - 1052*x + 110320. Determine c(119).
-707
Let u(i) = 40548*i + 10907445. Calculate u(-269).
33
Let q(d) = 31727*d + 63467. Calculate q(-2).
13
Let l(k) = 106832*k + 214228. Give l(-2).
564
Let g(p) = -9691*p - 78632. Determine g(-8).
-1104
Let v(h) = -10*h**3 - 63*h**2 + 58*h + 36. Determine v(-8).
660
Let s(x) = 1084886*x - 1084889. Calculate s(1).
-3
Let a(m) = -2*m**3 + 290*m**2 + 16*m - 2382. What is a(145)?
-62
Let y(d) = -213*d**2 - 6391*d - 26. Calculate y(-30).
4
Let u(y) = -y**3 + 8*y**2 - 1703*y + 8455. What is u(5)?
15
Let s(g) = -g**3 + 139*g**2 + 4295*g + 127. Calculate s(-26).
-3
Let r(x) = -135747*x - 542961. Calculate r(-4).
27
Let y(c) = 4*c**2 + 34*c + 97. Determine y(-16).
577
Let f(d) = d**3 + 309*d**2 - 67054*d - 10028. Calculate f(-456).
4
Let r(y) = 46*y**2 + 2557*y + 14835. Determine r(-49).
-12
Let x(g) = -g**2 + 1619*g - 253959. Give x(176).
9
Let t(f) = 92*f + 4082. Calculate t(-68).
-2174
Let n(u) = -u**2 + 482*u + 259868. Calculate n(-323).
-147
Let d(c) = 7836*c - 532806. Give d(68).
42
Let n(d) = -171*d**2 - 21719*d - 167. Determine n(-127).
87
Let b(q) = -29261*q - 702258. Determine b(-24).
6
Let h(i) = -2204*i - 2160022. Determine h(-980).
-102
Let m(r) = -r**3 + 13*r**2 + 410*r - 5. Calculate m(0).
-5
Let m(d) = 3*d**3 + 31*d**2 - 404*d + 1308. Give m(6).
648
Let a(x) = -8*x**3 - 231*x**2 - 135*x + 1728. Determine a(-28).
20
Let s(f) = 4209*f + 46177. Calculate s(-11).
-122
Let n(a) = 56582*a - 56577. Give n(1).
5
Let y(g) = -73048*g - 365206. Determine y(-5).
34
Let q(n) = -161*n**2 + 18195*n - 2. What is q(113)?
224
Let u(g) = -g**2 + 1416*g - 40382. Calculate u(29).
-159
Let k(t) = 535*t + 6453. Determine k(-13).
-502
Let d(f) = -64*f + 275. Determine d(10).
-365
Let h(l) = l**3 + 236*l**2 - 419*l + 12252. Calculate h(-238).
-1314
Let o(b) = 3022*b + 34355. What is o(-11)?
1113
Let t(l) = -5*l**3 + 67*l**2 + 12*l - 128. Calculate t(13).
366
Let r(g) = 902*g + 29835. Give r(-33).
69
Let f(g) = 11*g**2 - 146*g - 62. Give f(15).
223
Let g(x) = 65899*x + 207. Give g(0).
207
Let b(y) = -905*y - 33975. Give b(-38).
415
Let u(g) = -g**3 + 111*g**2 - 2966*g - 101. Calculate u(45).
79
Let b(r) = 12*r**2 + 36*r - 537. Determine b(8).
519
Let r(d) = -16*d**2 - 337*d - 1286. Give r(-16).
10
Let m(x) = 2050*x + 41028. Calculate m(-20).
28
Let c(g) = 31*g**2 - 730*g + 219. What is c(22)?
-837
Let t(i) = 455*i - 5382. Calculate t(12).
78
Let m(s) = -6*s**2 + 1706*s - 80698. Determine m(60).
62
Let s(h) = -16*h**2 + 101*h + 152. Determine s(7).
75
Let k(r) = -1030*r - 338893. Determine k(-329).
-23
Let l(h) = h**3 + 143*h**2 + 538*h - 2509. Determine l(-139).
-7
Let p(g) = -30878*g + 2285017. What is p(74)?
45
Let j(a) = 2*a**3 - 172*a**2 + 1890*a + 335. Give j(73).
-249
Let g(a) = 4*a**2 + 2692*a - 3384743. Calculate g(643).
9
Let h(p) = 15*p**3 + 2*p**2 - 867*p - 4388. Give h(-5).
-1878
Let m(u) = -493*u**2 - 31055*u + 185. What is m(-63)?
-67
Let z(r) = -79*r**2 - 74*r + 125. Give z(-6).
-2275
Let i(o) = 457*o + 47024. Determine i(-103).
-47
Let o(k) = 2*k**3 + 1465*k**2 + 2162*k - 22665. Calculate o(-731).
-4
Let l(d) = 4*d**2 - 48*d + 253. Calculate l(7).
113
Let l(b) = 937*b + 38554. Determine l(-40).
1074
Let b(u) = -u**3 + 13*u**2 - 104*u + 1608. What is b(14)?
-44
Let k(s) = -2*s**3 + 117*s**2 - 1720*s + 1161. Give k(25).
36
Let t(f) = 1029*f**2 + 15469*f + 185. Calculate t(-15).
-325
Let w(f) = -390*f**2 - 139477*f + 51199. Calculate w(-358).
5
Let o(d) = 648*d + 772. Give o(-3).
-1172
Let n(j) = -3*j**3 - 271*j**2 + 171*j + 369. Give n(-91).
1370
Let w(c) = -151685*c - 151688. Give w(-1).
-3
Let m(c) = 13*c**2 + 1924*c - 7808. Determine m(4).
96
Let v(u) = -33573*u + 100714. Calculate v(3).
-5
Let j(x) = 49044*x - 49031. Give j(1).
13
Let i(f) = f**3 - 75*f**2 - 127*f + 15188. Calculate i(74).
314
Let w(f) = 16*f**2 - 1146*f + 593. Determine w(71).
-117
Let d(g) = 2*g**3 - 21*g**2 - 271*g + 256. Give d(18).
238
Let b(u) = -2*u**2 - 19*u + 161. Calculate b(-26).
-697
Let a(m) = 1565667*m - 14091019. Give a(9).
-16
Let s(b) = -572*b**2 - 46338*b - 487. Determine s(-81).
-1
Let u(d) = -35639*d - 285026. Give u(-8).
86
Let p(a) = -7*a**2 - 309*a - 417. Give p(0).
-417
Let r(q) = 21280*q - 106553. Determine r(5).
-153
Let j(o) = -o**3 + 2*o**2 + 41*o - 194. What is j(0)?
-194
Let u(s) = -3*s**2 + 5907*s + 65015. Give u(-11).
-325
Let v(t) = 3483*t + 17340. Calculate v(-5).
-75
Let s(m) = -3187*m - 143722. Give s(-45).
-307
Let c(a) = 147*a**2 + 578*a + 7. Give c(-4).
47
Let d(y) = -10*y**3 + y**2 + 18*y - 20. Determine d(5).
-1155
Let j(c) = 3*c**3 + 71*c**2 - 416*c - 12. Calculate j(6).
696
Let h(t) = 4*t**3 - 126*t**2 + 386*t + 2100. Give h(7).
0
Let j(b) = b**3 - b**2 - 4940*b + 24680. What is j(5)?
80
Let m(t) = t**2 - 2326*t + 98160. Give m(43).
-9
Let x(j) = 2*j**3 + 997*j**2 + 4368*j - 38515. Calculate x(-494).
17
Let y(a) = 4*a**2 - 712*a - 4326. Calculate y(-6).
90
Let c(j) = 7*j**2 - 350*j + 4479. Give c(24).
111
Let a(i) = -i**2 - 6626*i - 517209. Calculate a(-79).
4
Let t(w) = -2*w**2 - 106*w - 380. Determine t(-13).
660
Let y(j) = -27879*j - 11987971. What is y(-430)?
-1
Let u(v) = -v**3 - 41*v**2 - 405*v - 45. Determine u(-16).
35
Let p(a) = -6*a**2 + 1670*a + 8508. Give p(-5).
8
Let s(i) = 10616*i - 53111. Give s(5).
-31
Let w(j) = -10*j**2 + 4686*j + 18662. Give w(-4).
-242
Let j(c) = 37*c**2 - 1946*c + 1159. Give j(52).
15
Let i(w) = 8*w**2 - 135*w + 508. What is i(13)?
105
Let a(d) = -154998*d - 3. Give a(0).
-3
Let l(g) = 446*g + 89283. Calculate l(-204).
-1701
Let k(p) = p**2 + 791*p + 54347. What is k(-76)?
7
Let t(d) = 45*d + 1876. Calculate t(-50).
-374
Let w(z) = z**2 - 2239*z + 15665. Calculate w(7).
41
Let z(r) = 3*r**2 - 1090*r - 17781. Calculate z(379).
32
Let c(o) = 9*o**3 - 885*o**2 - 593*o - 29. Determine c(99).
70
Let i(w) = -2*w**3 - 89*w**2 + 774*w + 99. Calculate i(-52).
411
Let r(d) = -5464*d - 71446. What is r(-13)?
-414
Let x(g) = 13*g**2 + 127*g + 51. Calculate x(-13).
597
Let s(p) = -17*p**3 - 217*p**2 + 43*p + 332. Calculate s(-13).
449
Let f(w) = w**3 - 105*w**2 + 1810*w + 1325. What is f(83)?
-3
Let o(s) = -540*s - 221395. Determine o(-410).
5
Let g(n) = 62327*n + 124657. Determine g(-2).
3
Let r(l) = l**2 - 6*l - 6678. Calculate r(-57).
-3087
Let o(n) = -52934*n - 2911369. What is o(-55)?
1
Let v(b) = 2281*b + 1270553. Determine v(-557).
36
Let k(r) = 11075*r + 465161. What is k(-42)?
11
Let b(z) = 4*z**2 - 157*z + 1025. Determine b(10).
-145
Let m(r) = 10*r**2 + 25*r + 1429. Calculate m(0).
1429
Let c(q) = -5*q**3 + 14*q**2 + 17*q - 910. Give c(0).
-910
Let r(n) = 5*n**2 - 753*n + 21116. Determine r(110).
-1214
Let d(k) = -1014*k**2 + 5037*k - 27. Determine d(5).
-192
Let n(r) = -89468*r + 1341977. Calculate n(15).
-43
Let x(k) = -672*k - 34664. Give x(-52).
280
Let q(n) = -35*n**2 + 2*n + 3. Give q(-4).
-565
Let h(s) = 2*s**2 + 4018*s + 28048. Determine h(-7).
20
Let n(i) = 24*i**3 + 73*i**2 + 71*i + 184. What is n(-3)?
-20
Let u(l) = -2*l**3 + 17*l**2 - 133*l + 414. What is u(3)?
114
Let r(g) = -329167*g + 5595829. Determine r(17).
-10
Let p(f) = 3664*f + 13411. Determine p(-4).
-1245
Let r(h) = 55104*h - 165327. Determine r(3).
-15
Let h(r) = 2*r**2 - 650*r - 53268. Determine h(393).
180
Let f(r) = -r**3 + 15*r**2 + 777*r - 13655. Determine f(21).
16
Let r(x) = -2*x**3 - 520*x**2 + 803*x + 73429. What is r(-261)?
88
Let g(m) = 617*m - 33404. Calculate g(54).
-86
Let y(j) = 18789*j - 469876. Determine y(25).
-151
Let i(w) = 110*w**2 + 7255*w - 299. Calculate i(-66).
31
Let v(h) = 17*h**3 - 203*h**2 + 65*h - 887. Determine v(12).
37
Let k(m) = -1165436*m + 3496301. Calculate k(3).
-7
Let d(z) = -z**3 - 769*z**2 + 3243*z + 116721. Give d(-773).
-2
Let q(v) = -8*v**3 - 66*v**2 - v - 34. What is q(-8)?
-154
Let x(o) = 135*o - 11633. What is x(87)?
112
Let a(t) = -50*t**3 + 5*t**2 + 93*t + 274. Calculate a(-4).
3182
Let v(h) = -6*h**2 - 416*h + 